{"id":10,"date":"2025-01-13T18:35:24","date_gmt":"2025-01-13T17:35:24","guid":{"rendered":"https:\/\/thai-provence.org\/?page_id=10"},"modified":"2025-08-06T11:42:04","modified_gmt":"2025-08-06T09:42:04","slug":"contact","status":"publish","type":"page","link":"https:\/\/thai-provence.org\/?page_id=10","title":{"rendered":"Contact"},"content":{"rendered":"\n<p>Nous \u00e9crire : association.thaiprovence@gmail.com<br>Facebook : <br>T\u00e9l\u00e9phone : 09 62 62 79 79 &#8211; 07 82 74 51 51<\/p>\n\n\n\n<p><\/p>\n","protected":false},"excerpt":{"rendered":"<p>Nous \u00e9crire : association.thaiprovence@gmail.comFacebook : T\u00e9l\u00e9phone : 09 62 62 79 79 &#8211; 07 82 74 51 51<\/p>\n","protected":false},"author":1,"featured_media":0,"parent":0,"menu_order":0,"comment_status":"closed","ping_status":"closed","template":"","meta":{"footnotes":""},"class_list":["post-10","page","type-page","status-publish","hentry"],"_links":{"self":[{"href":"https:\/\/thai-provence.org\/index.php?rest_route=\/wp\/v2\/pages\/10","targetHints":{"allow":["GET"]}}],"collection":[{"href":"https:\/\/thai-provence.org\/index.php?rest_route=\/wp\/v2\/pages"}],"about":[{"href":"https:\/\/thai-provence.org\/index.php?rest_route=\/wp\/v2\/types\/page"}],"author":[{"embeddable":true,"href":"https:\/\/thai-provence.org\/index.php?rest_route=\/wp\/v2\/users\/1"}],"replies":[{"embeddable":true,"href":"https:\/\/thai-provence.org\/index.php?rest_route=%2Fwp%2Fv2%2Fcomments&post=10"}],"version-history":[{"count":3,"href":"https:\/\/thai-provence.org\/index.php?rest_route=\/wp\/v2\/pages\/10\/revisions"}],"predecessor-version":[{"id":212,"href":"https:\/\/thai-provence.org\/index.php?rest_route=\/wp\/v2\/pages\/10\/revisions\/212"}],"wp:attachment":[{"href":"https:\/\/thai-provence.org\/index.php?rest_route=%2Fwp%2Fv2%2Fmedia&parent=10"}],"curies":[{"name":"wp","href":"https:\/\/api.w.org\/{rel}","templated":true}]}}